se 12) to base 11.
-14a20
-125163 (base 7) to base 10
-23418
What is -be5 (base 15) in base 16?
-a82
What is 2550 (base 11) in base 14?
12d4
Convert 5218 (base 12) to base 3.
110021102
What is 17b45 (base 13) in base 8?
131440
-35425 (base 6) to base 11
-3943
Convert 308 (base 11) to base 7.
1040
9a77 (base 13) to base 12
10589
Convert -22210 (base 4) to base 15.
-301
Convert -22050 (base 6) to base 9.
-4163
Convert -1fe4 (base 16) to base 2.
-1111111100100
Convert 273 (base 15) to base 12.
3a6
-5bd (base 15) to base 2
-10100010111
What is -4216a (base 11) in base 7?
-344035
What is 8a1 (base 14) in base 15?
78e
What is -fce (base 16) in base 9?
-5485
Convert -22332 (base 9) to base 4.
-3220010
Convert -522 (base 7) to base 5.
-2021
What is b6d (base 14) in base 16?
8cd
-7356 (base 8) to base 14
-1570
What is -702 (base 10) in base 3?
-222000
-122222020 (base 3) to base 10
-13101
What is -985 (base 10) in base 8?
-1731
Convert 3777 (base 8) to base 2.
11111111111
What is -42326 (base 11) in base 2?
-1111000010110001
Convert -20223 (base 4) to base 11.
-465
Convert -10c (base 13) to base 11.
-155
Convert -72 (base 14) to base 11.
-91
What is 20144 (base 5) in base 2?
10100010011
2001 (base 7) to base 11
575
Convert 317 (base 16) to base 13.
48b
What is 60 (base 8) in base 7?
66
What is -4755 (base 11) in base 10?
-6231
What is 4555 (base 6) in base 11?
8a1
Convert -47696 (base 10) to base 15.
-e1eb
What is 1e85 (base 15) in base 14?
25d0
Convert -222201 (base 3) to base 11.
-5a6
-550 (base 8) to base 7
-1023
Convert 62413 (base 7) to base 13.
6c6a
What is -653 (base 7) in base 6?
-1312
What is -23571 (base 10) in base 2?
-101110000010011
-1120 (base 11) to base 15
-684
-aa (base 12) to base 5
-1010
Convert -2201210 (base 3) to base 7.
-5544
Convert 1121222 (base 3) to base 4.
102203
What is -35153 (base 9) in base 6?
-300333
What is -400451 (base 6) in base 10?
-31279
Convert -962 (base 12) to base 14.
-6dc
What is -a32 (base 16) in base 14?
-d46
What is 36b6 (base 12) in base 9?
8433
7567 (base 16) to base 2
111010101100111
100101101 (base 3) to base 6
51401
What is 1101 (base 7) in base 9?
476
Convert -10233 (base 7) to base 15.
-b33
What is -586 (base 11) in base 4?
-22323
-10421 (base 5) to base 11
-60a
Convert 339 (base 10) to base 16.
153
11010011100 (base 2) to base 11
12a9
-682 (base 10) to base 16
-2aa
What is 14530 (base 7) in base 5?
112124
Convert 3a6e (base 15) to base 6.
133435
Convert ac (base 14) to base 8.
230
32332 (base 5) to base 8
4251
Convert 67350 (base 8) to base 15.
862c
What is -29c5 (base 15) in base 3?
-110021212
-36b (base 13) to base 11
-4a2
What is -480 (base 15) in base 3?
-1101210
Convert -33201 (base 4) to base 7.
-2616
What is 14827 (base 9) in base 8?
23646
5117 (base 9) to base 7
13624
Convert -45046 (base 7) to base 2.
-10110001011001
What is -476 (base 16) in base 9?
-1508
-104131 (base 6) to base 7
-34231
Convert d2d (base 16) to base 10.
3373
273 (base 10) to base 8
421
Convert 10626 (base 10) to base 14.
3c30
Convert 910 (base 16) to base 3.
10011221
Convert 103021 (base 7) to base 4.
10112323
-220 (base 9) to base 7
-345
What is 1443242 (base 5) in base 13?
111b2
What is 896 (base 11) in base 14?
569
Convert 488 (base 13) to base 12.
558
172430 (base 8) to base 10
62744
-17183 (base 12) to base 11
-22939
Convert -10ac0 (base 13) to base 14.
-b11d
111101111 (base 2) to base 16
1ef
Convert -13ba3 (base 15) to base 9.
-105840
-44945 (base 10) to base 2
-1010111110010001
-427 (base 10) to base 14
-227
-237 (base 11) to base 5
-2112
518a (base 13) to base 8
26004
-137 (base 14) to base 5
-1440
Convert -7230 (base 10) to base 8.
-16076
What is 101101001111 (base 2) in base 10?
2895
Convert 175 (base 11) to base 5.
1303
Convert 51a (base 12) to base 5.
10432
8773 (base 10) to base 16
2245
What is -329 (base 10) in base 11?
-27a
Convert 16723 (base 9) to base 8.
26403
-1328 (base 9) to base 7
-2624
What is -11b2a (base 12) in base 13?
-ac66
What is 5463 (base 11) in base 2?
1110000101000
What is -2841 (base 10) in base 9?
-3806
What is 47544 (base 8) in base 14?
759a
-2bd5 (base 14) to base 4
-1322113
-709 (base 12) to base 13
-603
8467 (base 10) to base 16
2113
Convert 443 (base 11) to base 12.
383
What is -13343 (base 8) in base 7?
-23040
Convert -727 (base 8) to base 6.
-2103
220001212 (base 3) to base 4
10102022
What is 32a (base 11) in base 15?
1b5
-76 (base 16) to base 14
-86
Convert -11374 (base 11) to base 15.
-4ce6
Convert 13d (base 14) to base 5.
2001
What is 10110001010 (base 2) in base 13?
851
Convert 7576 (base 8) to base 5.
111331
-38a7 (base 11) to base 16
-13d6
-10002 (base 9) to base 11
-4a27
Convert 15a37 (base 14) to base 11.
37753
-263 (base 11) to base 2
-100110111
What is -669c (base 14) in base 13?
-8127
Convert -514 (base 9) to base 10.
-418
10111101100 (base 2) to base 14
7a4
27c (base 15) to base 14
2c7
Convert -7b (base 14) to base 13.
-85
3037 (base 9) to base 16
8ad
Convert 6f3 (base 16) to base 4.
123303
Convert -12273 (base 8) to base 16.
-14bb
Convert -2331 (base 6) to base 15.
-274
Convert 1003132 (base 4) to base 5.
114233
Convert -23013 (base 5) to base 16.
-661
Convert 197 (base 10) to base 14.
101
17754 (base 10) to base 12
a336
What is -136626 (base 7) in base 14?
-9886
-41e (base 15) to base 10
-929
Convert -14413 (base 5) to base 14.
-641
8927 (base 12) to base 13
6b86
-102301 (base 4) to base 7
-3334
What is 221121 (base 3) in base 4?
22303
Convert 59bb (base 14) to base 13.
717a
What is 54 (base 8) in base 15?
2e
What is abd (base 16) in base 15?
c34
97 (base 16) to base 9
177
Convert 2544 (base 6) to base 12.
454
What is 424240 (base 5) in base 14?
530c
-212101012 (base 3) to base 13
-79ac
What is -421212 (base 6) in base 10?
-33992
What is 54414 (base 6) in base 10?
7498
3655 (base 7) to base 2
10101010011
Convert 2152 (base 6) to base 8.
764
What is 124040 (base 6) in base 11?
8503
Convert -b02 (base 12) to base 5.
-22321
Convert -6a7 (base 11) to base 14.
-443
What is -2583 (base 9) in base 15?
-893
What is 103130 (base 4) in base 6?
5432
Convert 2244 (base 8) to base 15.
543
-1220243 (base 5) to base 2
-101101010011110
244344 (base 7) to base 16
aee1
473 (base 11) to base 3
202220
What is 1dc81 (base 14) in base 13?
28ac9
Convert 11331 (base 4) to base 3.
112010
What is 21b5 (base 13) in base 5?
122321
What is -3030 (base 5) in base 12?
-286
Convert -4a1 (base 12) to base 13.
-418
What is 103002 (base 4) in base 8?
2302
321 (base 15) to base 5
10311
Convert 16777 (base 10) to base 13.
7837
What is -110011010 (base 2) in base 11?
-343
1000011000 (base 2) to base 9
655
What is 14036 (base 9) in base 15?
2c40
What is -101033 (base 4) in base 10?
-1103
Convert -100010110101 (base 2) to base 6.
-14153
Convert -102204 (base 5) to base 8.
-6545
What is 2364 (base 7) in base 13?
528
What is 351 (base 8) in base 2?
11101001
Convert -65f (base 16) to base 3.
-2020102
What is -66 (base 8) in base 10?
-54
-93b (base 15) to base 10
-2081
What is 947 (base 12) in base 7?
3640
What is -2db (base 16) in base 3?
-1000002
110100000 (base 2) to base 11
349
Convert 201 (base 12) to base 9.
351
Convert 100011 (base 2) to base 16.
23
What is 4045 (base 6) in base 7?
2414
11120110 (base 3) to base 16
d05
Convert 2330 (base 5) to base 4.
11110
What is -9623 (base 15) in base 12?
-16466
Convert -23123231 (base 4) to base 13.
-18413
Convert 2010 (base 3) to base 2.
111001
111111100000 (base 2) to base 15
130e
What is 38b (base 12) in base 7?
1400
What is 202302 (base 4) in base 8?
4262
Convert 26813 (base 9) to base 15.
55a6
What is -1a54 (base 11) in base 16?
-a28
Convert -798 (base 12) to base 15.
-4ee
Convert -3759 (base 13) to base 4.
-1322220
Convert -14734 (base 14) to base 12.
-254a2
Convert 141 (base 10) to base 11.
119
135 (base 11) to base 10
159
3452 (base 16) to base 3
200101002
1688 (base 11) to base 3
2221202
-1392 (base 11) to base 12
-1057
-29b61 (base 12) to base 3
-2222111101
Convert -78 (base 10) to base 12.
-66
Convert -330 (base 8) to base 2.
-11011000
Convert -100323 (base 4) to base 8.
-2073
What is -1022 (base 9) in base 16?
-2ed
Convert 2e7 (base 15) to base 5.
10132
-131531 (base 6) to base 7
-50134
What is -1111 (base 2) in base 13?
-12
-c57 (base 14) to bas